{"id":257,"date":"2020-09-14T13:27:07","date_gmt":"2020-09-14T13:27:07","guid":{"rendered":"http:\/\/localhost\/shopingcart\/?page_id=257"},"modified":"2024-03-18T06:10:53","modified_gmt":"2024-03-18T05:10:53","slug":"chi-siamo","status":"publish","type":"page","link":"https:\/\/arturo.winandoffice.com\/roma\/chi-siamo\/","title":{"rendered":"Chi siamo"},"content":{"rendered":"<p><a href=\"https:\/\/arturo.winandoffice.com\/london\/wp-content\/uploads\/sites\/15\/2023\/01\/logo.png\"><img loading=\"lazy\" decoding=\"async\" class=\"alignnone size-full wp-image-12801\" src=\"https:\/\/arturo.winandoffice.com\/london\/wp-content\/uploads\/sites\/15\/2023\/01\/logo.png\" alt=\"\" width=\"1710\" height=\"175\" srcset=\"https:\/\/arturo.winandoffice.com\/roma\/wp-content\/uploads\/sites\/43\/2023\/01\/logo.png 1710w, https:\/\/arturo.winandoffice.com\/roma\/wp-content\/uploads\/sites\/43\/2023\/01\/logo-300x31.png 300w, https:\/\/arturo.winandoffice.com\/roma\/wp-content\/uploads\/sites\/43\/2023\/01\/logo-1024x105.png 1024w, https:\/\/arturo.winandoffice.com\/roma\/wp-content\/uploads\/sites\/43\/2023\/01\/logo-768x79.png 768w, https:\/\/arturo.winandoffice.com\/roma\/wp-content\/uploads\/sites\/43\/2023\/01\/logo-1536x157.png 1536w, https:\/\/arturo.winandoffice.com\/roma\/wp-content\/uploads\/sites\/43\/2023\/01\/logo-600x61.png 600w\" sizes=\"auto, (max-width: 1710px) 100vw, 1710px\" \/><\/a><\/p>\r\n<h5><strong>Gamecardshop: La vostra piattaforma software per la qualit\u00e0 e l&#8217;affidabilit\u00e0<\/strong><\/h5>\r\n<p>In qualit\u00e0 di partner Microsoft di fiducia, vi offriamo un&#8217;ampia gamma di soluzioni software, da Microsoft Office ai sistemi operativi per server. Da noi troverete solo prodotti di rinomati produttori di software, a garanzia di qualit\u00e0 ed efficienza.<\/p>\r\n<p><strong>Sistemi operativi: Il cuore del PC<\/strong><\/p>\r\n<p>Un computer senza sistema operativo \u00e8 come un&#8217;automobile senza motore. Controlla l&#8217;hardware, assegna le risorse e fornisce un&#8217;interfaccia utente intuitiva. Per ottenere le massime prestazioni del PC, ci affidiamo a leader di mercato come Windows 11, noto per la sua efficienza e facilit\u00e0 d&#8217;uso. Tutte le nostre licenze OEM sono autentiche e provengono direttamente da noi.<\/p>\r\n<p><strong>Sistemi operativi per server: Potenza per la vostra azienda<\/strong><\/p>\r\n<p>I server richiedono sistemi operativi specializzati. In Gamecardshop vi offriamo i potenti sistemi Windows Server di Microsoft. Inoltre, troverete altre soluzioni server come SQL Server, Exchange Server e SharePoint Server.<\/p>\r\n<p><strong>Microsoft Office: Massima produttivit\u00e0 in ufficio <br \/><br \/><\/strong>Con Microsoft Office, il lavoro d&#8217;ufficio diventa un gioco da ragazzi. Che si tratti di elaborazione di testi, calcolo di fogli di calcolo o creazione di presentazioni, abbiamo l&#8217;edizione giusta per voi. Su Gamecardshop troverete Microsoft Office per soddisfare qualsiasi esigenza, sia personale che aziendale.<\/p>\r\n<p><strong>Software CAD: Precisione a prezzi accessibili<\/strong><\/p>\r\n<p>Per architetti e ingegneri, offriamo programmi CAD ad alte prestazioni. Completate i vostri progetti in modo efficiente e conveniente con le nostre offerte.<\/p>\r\n<p><strong>Gamecardshop: Qualit\u00e0 ai migliori prezzi con un servizio di prima classe <\/strong><\/p>\r\n<p>Su Gamecardshop non troverete solo prezzi interessanti, ma anche un servizio imbattibile. Il nostro servizio clienti multilingue \u00e8 disponibile 24 ore su 24, 7 giorni su 7, tramite chat dal vivo o e-mail. I nostri esperti sono pronti ad assistervi nell&#8217;installazione e nella configurazione del vostro software. Affidatevi alla nostra esperienza e competenza. Ogni acquisto \u00e8 accompagnato da una fattura con la nostra partita IVA, da una chiara politica di restituzione e da una garanzia a vita per la vostra sicurezza e soddisfazione.<\/p>\r\n\r\n<div id=\"simple-translate\" class=\"simple-translate-system-theme\">\r\n<div>\r\n<div class=\"simple-translate-button isShow\" style=\"height: 22px;width: 22px;top: 796px;left: 8px\">\u00a0<\/div>\r\n<div class=\"simple-translate-panel \" style=\"width: 300px;height: 200px;top: 0px;left: 0px;font-size: 13px\">\r\n<div class=\"simple-translate-result-wrapper\" style=\"overflow: hidden\">\r\n<div class=\"simple-translate-move\">\u00a0<\/div>\r\n<div class=\"simple-translate-result-contents\">\r\n<p class=\"simple-translate-result\" dir=\"auto\">\u00a0<\/p>\r\n<p class=\"simple-translate-candidate\" dir=\"auto\">\u00a0<\/p>\r\n<\/div>\r\n<\/div>\r\n<\/div>\r\n<\/div>\r\n<\/div>","protected":false},"excerpt":{"rendered":"<p>Gamecardshop: La vostra piattaforma software per la qualit\u00e0 e l&#8217;affidabilit\u00e0 In qualit\u00e0 di partner Microsoft di fiducia, vi offriamo un&#8217;ampia gamma di soluzioni software, da Microsoft Office ai sistemi operativi per server. Da noi troverete solo prodotti di rinomati produttori di software, a garanzia di qualit\u00e0 ed efficienza. Sistemi operativi: Il cuore del PC Un [&hellip;]<\/p>\n","protected":false},"author":1,"featured_media":0,"parent":0,"menu_order":0,"comment_status":"closed","ping_status":"closed","template":"","meta":{"_acf_changed":false,"footnotes":""},"class_list":["post-257","page","type-page","status-publish","hentry"],"yoast_head":"<!-- This site is optimized with the Yoast SEO plugin v26.7 - https:\/\/yoast.com\/wordpress\/plugins\/seo\/ -->\n<title>Chi siamo - Roma<\/title>\n<meta name=\"robots\" content=\"index, follow, max-snippet:-1, max-image-preview:large, max-video-preview:-1\" \/>\n<link rel=\"canonical\" href=\"https:\/\/arturo.winandoffice.com\/roma\/chi-siamo\/\" \/>\n<meta property=\"og:locale\" content=\"it_IT\" \/>\n<meta property=\"og:type\" content=\"article\" \/>\n<meta property=\"og:title\" content=\"Chi siamo - Roma\" \/>\n<meta property=\"og:description\" content=\"Gamecardshop: La vostra piattaforma software per la qualit\u00e0 e l&#8217;affidabilit\u00e0 In qualit\u00e0 di partner Microsoft di fiducia, vi offriamo un&#8217;ampia gamma di soluzioni software, da Microsoft Office ai sistemi operativi per server. Da noi troverete solo prodotti di rinomati produttori di software, a garanzia di qualit\u00e0 ed efficienza. Sistemi operativi: Il cuore del PC Un [&hellip;]\" \/>\n<meta property=\"og:url\" content=\"https:\/\/arturo.winandoffice.com\/roma\/chi-siamo\/\" \/>\n<meta property=\"og:site_name\" content=\"Roma\" \/>\n<meta property=\"article:modified_time\" content=\"2024-03-18T05:10:53+00:00\" \/>\n<meta property=\"og:image\" content=\"https:\/\/arturo.winandoffice.com\/london\/wp-content\/uploads\/sites\/15\/2023\/01\/logo.png\" \/>\n<meta name=\"twitter:card\" content=\"summary_large_image\" \/>\n<meta name=\"twitter:label1\" content=\"Tempo di lettura stimato\" \/>\n\t<meta name=\"twitter:data1\" content=\"2 minuti\" \/>\n<script type=\"application\/ld+json\" class=\"yoast-schema-graph\">{\"@context\":\"https:\/\/schema.org\",\"@graph\":[{\"@type\":\"WebPage\",\"@id\":\"https:\/\/arturo.winandoffice.com\/roma\/chi-siamo\/\",\"url\":\"https:\/\/arturo.winandoffice.com\/roma\/chi-siamo\/\",\"name\":\"Chi siamo - Roma\",\"isPartOf\":{\"@id\":\"https:\/\/arturo.winandoffice.com\/roma\/#website\"},\"primaryImageOfPage\":{\"@id\":\"https:\/\/arturo.winandoffice.com\/roma\/chi-siamo\/#primaryimage\"},\"image\":{\"@id\":\"https:\/\/arturo.winandoffice.com\/roma\/chi-siamo\/#primaryimage\"},\"thumbnailUrl\":\"https:\/\/arturo.winandoffice.com\/london\/wp-content\/uploads\/sites\/15\/2023\/01\/logo.png\",\"datePublished\":\"2020-09-14T13:27:07+00:00\",\"dateModified\":\"2024-03-18T05:10:53+00:00\",\"breadcrumb\":{\"@id\":\"https:\/\/arturo.winandoffice.com\/roma\/chi-siamo\/#breadcrumb\"},\"inLanguage\":\"it-IT\",\"potentialAction\":[{\"@type\":\"ReadAction\",\"target\":[\"https:\/\/arturo.winandoffice.com\/roma\/chi-siamo\/\"]}]},{\"@type\":\"ImageObject\",\"inLanguage\":\"it-IT\",\"@id\":\"https:\/\/arturo.winandoffice.com\/roma\/chi-siamo\/#primaryimage\",\"url\":\"https:\/\/arturo.winandoffice.com\/london\/wp-content\/uploads\/sites\/15\/2023\/01\/logo.png\",\"contentUrl\":\"https:\/\/arturo.winandoffice.com\/london\/wp-content\/uploads\/sites\/15\/2023\/01\/logo.png\"},{\"@type\":\"BreadcrumbList\",\"@id\":\"https:\/\/arturo.winandoffice.com\/roma\/chi-siamo\/#breadcrumb\",\"itemListElement\":[{\"@type\":\"ListItem\",\"position\":1,\"name\":\"Home\",\"item\":\"https:\/\/arturo.winandoffice.com\/roma\/\"},{\"@type\":\"ListItem\",\"position\":2,\"name\":\"Chi siamo\"}]},{\"@type\":\"WebSite\",\"@id\":\"https:\/\/arturo.winandoffice.com\/roma\/#website\",\"url\":\"https:\/\/arturo.winandoffice.com\/roma\/\",\"name\":\"Roma\",\"description\":\"Acquista il tuo ufficio\",\"publisher\":{\"@id\":\"https:\/\/arturo.winandoffice.com\/roma\/#\/schema\/person\/8e3a1b04521cf33c29c497607542c9a2\"},\"potentialAction\":[{\"@type\":\"SearchAction\",\"target\":{\"@type\":\"EntryPoint\",\"urlTemplate\":\"https:\/\/arturo.winandoffice.com\/roma\/?s={search_term_string}\"},\"query-input\":{\"@type\":\"PropertyValueSpecification\",\"valueRequired\":true,\"valueName\":\"search_term_string\"}}],\"inLanguage\":\"it-IT\"},{\"@type\":[\"Person\",\"Organization\"],\"@id\":\"https:\/\/arturo.winandoffice.com\/roma\/#\/schema\/person\/8e3a1b04521cf33c29c497607542c9a2\",\"name\":\"supervision\",\"image\":{\"@type\":\"ImageObject\",\"inLanguage\":\"it-IT\",\"@id\":\"https:\/\/arturo.winandoffice.com\/roma\/#\/schema\/person\/image\/\",\"url\":\"https:\/\/secure.gravatar.com\/avatar\/eaaf033e92f8075258dc0ddd2a847958bda3e3bce9195b04fb85009b34ecfbcd?s=96&d=mm&r=g\",\"contentUrl\":\"https:\/\/secure.gravatar.com\/avatar\/eaaf033e92f8075258dc0ddd2a847958bda3e3bce9195b04fb85009b34ecfbcd?s=96&d=mm&r=g\",\"caption\":\"supervision\"},\"logo\":{\"@id\":\"https:\/\/arturo.winandoffice.com\/roma\/#\/schema\/person\/image\/\"},\"sameAs\":[\"https:\/\/kaijapaneseroots.com\/\"]}]}<\/script>\n<!-- \/ Yoast SEO plugin. -->","yoast_head_json":{"title":"Chi siamo - Roma","robots":{"index":"index","follow":"follow","max-snippet":"max-snippet:-1","max-image-preview":"max-image-preview:large","max-video-preview":"max-video-preview:-1"},"canonical":"https:\/\/arturo.winandoffice.com\/roma\/chi-siamo\/","og_locale":"it_IT","og_type":"article","og_title":"Chi siamo - Roma","og_description":"Gamecardshop: La vostra piattaforma software per la qualit\u00e0 e l&#8217;affidabilit\u00e0 In qualit\u00e0 di partner Microsoft di fiducia, vi offriamo un&#8217;ampia gamma di soluzioni software, da Microsoft Office ai sistemi operativi per server. Da noi troverete solo prodotti di rinomati produttori di software, a garanzia di qualit\u00e0 ed efficienza. Sistemi operativi: Il cuore del PC Un [&hellip;]","og_url":"https:\/\/arturo.winandoffice.com\/roma\/chi-siamo\/","og_site_name":"Roma","article_modified_time":"2024-03-18T05:10:53+00:00","og_image":[{"url":"https:\/\/arturo.winandoffice.com\/london\/wp-content\/uploads\/sites\/15\/2023\/01\/logo.png","type":"","width":"","height":""}],"twitter_card":"summary_large_image","twitter_misc":{"Tempo di lettura stimato":"2 minuti"},"schema":{"@context":"https:\/\/schema.org","@graph":[{"@type":"WebPage","@id":"https:\/\/arturo.winandoffice.com\/roma\/chi-siamo\/","url":"https:\/\/arturo.winandoffice.com\/roma\/chi-siamo\/","name":"Chi siamo - Roma","isPartOf":{"@id":"https:\/\/arturo.winandoffice.com\/roma\/#website"},"primaryImageOfPage":{"@id":"https:\/\/arturo.winandoffice.com\/roma\/chi-siamo\/#primaryimage"},"image":{"@id":"https:\/\/arturo.winandoffice.com\/roma\/chi-siamo\/#primaryimage"},"thumbnailUrl":"https:\/\/arturo.winandoffice.com\/london\/wp-content\/uploads\/sites\/15\/2023\/01\/logo.png","datePublished":"2020-09-14T13:27:07+00:00","dateModified":"2024-03-18T05:10:53+00:00","breadcrumb":{"@id":"https:\/\/arturo.winandoffice.com\/roma\/chi-siamo\/#breadcrumb"},"inLanguage":"it-IT","potentialAction":[{"@type":"ReadAction","target":["https:\/\/arturo.winandoffice.com\/roma\/chi-siamo\/"]}]},{"@type":"ImageObject","inLanguage":"it-IT","@id":"https:\/\/arturo.winandoffice.com\/roma\/chi-siamo\/#primaryimage","url":"https:\/\/arturo.winandoffice.com\/london\/wp-content\/uploads\/sites\/15\/2023\/01\/logo.png","contentUrl":"https:\/\/arturo.winandoffice.com\/london\/wp-content\/uploads\/sites\/15\/2023\/01\/logo.png"},{"@type":"BreadcrumbList","@id":"https:\/\/arturo.winandoffice.com\/roma\/chi-siamo\/#breadcrumb","itemListElement":[{"@type":"ListItem","position":1,"name":"Home","item":"https:\/\/arturo.winandoffice.com\/roma\/"},{"@type":"ListItem","position":2,"name":"Chi siamo"}]},{"@type":"WebSite","@id":"https:\/\/arturo.winandoffice.com\/roma\/#website","url":"https:\/\/arturo.winandoffice.com\/roma\/","name":"Roma","description":"Acquista il tuo ufficio","publisher":{"@id":"https:\/\/arturo.winandoffice.com\/roma\/#\/schema\/person\/8e3a1b04521cf33c29c497607542c9a2"},"potentialAction":[{"@type":"SearchAction","target":{"@type":"EntryPoint","urlTemplate":"https:\/\/arturo.winandoffice.com\/roma\/?s={search_term_string}"},"query-input":{"@type":"PropertyValueSpecification","valueRequired":true,"valueName":"search_term_string"}}],"inLanguage":"it-IT"},{"@type":["Person","Organization"],"@id":"https:\/\/arturo.winandoffice.com\/roma\/#\/schema\/person\/8e3a1b04521cf33c29c497607542c9a2","name":"supervision","image":{"@type":"ImageObject","inLanguage":"it-IT","@id":"https:\/\/arturo.winandoffice.com\/roma\/#\/schema\/person\/image\/","url":"https:\/\/secure.gravatar.com\/avatar\/eaaf033e92f8075258dc0ddd2a847958bda3e3bce9195b04fb85009b34ecfbcd?s=96&d=mm&r=g","contentUrl":"https:\/\/secure.gravatar.com\/avatar\/eaaf033e92f8075258dc0ddd2a847958bda3e3bce9195b04fb85009b34ecfbcd?s=96&d=mm&r=g","caption":"supervision"},"logo":{"@id":"https:\/\/arturo.winandoffice.com\/roma\/#\/schema\/person\/image\/"},"sameAs":["https:\/\/kaijapaneseroots.com\/"]}]}},"acf":[],"_links":{"self":[{"href":"https:\/\/arturo.winandoffice.com\/roma\/wp-json\/wp\/v2\/pages\/257","targetHints":{"allow":["GET"]}}],"collection":[{"href":"https:\/\/arturo.winandoffice.com\/roma\/wp-json\/wp\/v2\/pages"}],"about":[{"href":"https:\/\/arturo.winandoffice.com\/roma\/wp-json\/wp\/v2\/types\/page"}],"author":[{"embeddable":true,"href":"https:\/\/arturo.winandoffice.com\/roma\/wp-json\/wp\/v2\/users\/1"}],"replies":[{"embeddable":true,"href":"https:\/\/arturo.winandoffice.com\/roma\/wp-json\/wp\/v2\/comments?post=257"}],"version-history":[{"count":0,"href":"https:\/\/arturo.winandoffice.com\/roma\/wp-json\/wp\/v2\/pages\/257\/revisions"}],"wp:attachment":[{"href":"https:\/\/arturo.winandoffice.com\/roma\/wp-json\/wp\/v2\/media?parent=257"}],"curies":[{"name":"wp","href":"https:\/\/api.w.org\/{rel}","templated":true}]}}